{"id":29,"date":"2025-07-10T15:32:35","date_gmt":"2025-07-10T18:32:35","guid":{"rendered":"https:\/\/ubuntuassessoria.com\/?page_id=29"},"modified":"2025-12-09T16:21:40","modified_gmt":"2025-12-09T19:21:40","slug":"historia","status":"publish","type":"page","link":"https:\/\/ubuntuassessoria.com\/?page_id=29","title":{"rendered":"Quem somos"},"content":{"rendered":"\n<div class=\"wp-block-group alignfull has-base-background-color has-background has-global-padding is-layout-constrained wp-container-core-group-is-layout-d89aad35 wp-block-group-is-layout-constrained\" style=\"margin-top:0;margin-bottom:0;padding-top:var(--wp--preset--spacing--50);padding-right:var(--wp--preset--spacing--50);padding-bottom:var(--wp--preset--spacing--50);padding-left:var(--wp--preset--spacing--50)\">\n<p class=\"wp-container-content-9cfa9a5a\"><strong>Na <mark style=\"background-color:rgba(0, 0, 0, 0)\" class=\"has-inline-color has-accent-2-color\">Ubuntu<\/mark>,<\/strong> <strong>acreditamos que o sucesso individual s\u00f3 \u00e9 completo quando impulsiona o coletivo. Inspirados pela filosofia africana que d\u00e1 nome \u00e0 nossa empresa, valorizamos a interdepend\u00eancia, a colabora\u00e7\u00e3o e o crescimento conjunto como pilares para construir neg\u00f3cios com prop\u00f3sito e impacto global.<\/strong><\/p>\n\n\n\n<p class=\"wp-container-content-9cfa9a5a\"><strong>Somos especialistas em internacionaliza\u00e7\u00e3o de empresas, conectando culturas, mercados e oportunidades. Mais do que um nome, Ubuntu representa nosso compromisso com a empatia, a parceria verdadeira e o desenvolvimento m\u00fatuo, levando empresas al\u00e9m das fronteiras, com significado e consci\u00eancia.<\/strong><\/p>\n\n\n\n<div class=\"wp-block-columns alignwide is-layout-flex wp-container-core-columns-is-layout-549b0c86 wp-block-columns-is-layout-flex\">\n<div class=\"wp-block-column is-layout-flow wp-container-core-column-is-layout-119bc444 wp-block-column-is-layout-flow\" style=\"flex-basis:60%\">\n<div class=\"wp-block-columns is-layout-flex wp-container-core-columns-is-layout-87beb0d0 wp-block-columns-is-layout-flex\">\n<div class=\"wp-block-column is-layout-flow wp-block-column-is-layout-flow\">\n<p><\/p>\n<\/div>\n<\/div>\n<\/div>\n<\/div>\n<\/div>\n\n\n\n<div class=\"wp-block-group alignfull has-global-padding is-layout-constrained wp-container-core-group-is-layout-669513ed wp-block-group-is-layout-constrained\" style=\"margin-top:0;margin-bottom:0;padding-top:var(--wp--preset--spacing--50);padding-right:var(--wp--preset--spacing--50);padding-bottom:var(--wp--preset--spacing--50);padding-left:var(--wp--preset--spacing--50)\">\n<div class=\"wp-block-group is-vertical is-content-justification-center is-layout-flex wp-container-core-group-is-layout-ce155fab wp-block-group-is-layout-flex\">\n<h2 class=\"wp-block-heading has-text-align-center has-xx-large-font-size\">Conhe\u00e7a nossa equipe<\/h2>\n\n\n\n<p class=\"has-text-align-center\"><\/p>\n<\/div>\n\n\n\n<div style=\"height:var(--wp--preset--spacing--30)\" aria-hidden=\"true\" class=\"wp-block-spacer\"><\/div>\n\n\n\n<div class=\"wp-block-columns alignwide is-layout-flex wp-container-core-columns-is-layout-4935966c wp-block-columns-is-layout-flex\" style=\"padding-right:0;padding-left:0\">\n<div class=\"wp-block-column is-layout-flow wp-block-column-is-layout-flow\">\n<figure class=\"wp-block-image size-full is-style-rounded is-style-rounded--1\"><img loading=\"lazy\" decoding=\"async\" width=\"800\" height=\"800\" src=\"https:\/\/ubuntuassessoria.com\/wp-content\/uploads\/2025\/08\/nicole.jpeg\" alt=\"\" class=\"wp-image-85\" style=\"aspect-ratio:1;object-fit:cover\" srcset=\"https:\/\/ubuntuassessoria.com\/wp-content\/uploads\/2025\/08\/nicole.jpeg 800w, https:\/\/ubuntuassessoria.com\/wp-content\/uploads\/2025\/08\/nicole-300x300.jpeg 300w, https:\/\/ubuntuassessoria.com\/wp-content\/uploads\/2025\/08\/nicole-150x150.jpeg 150w, https:\/\/ubuntuassessoria.com\/wp-content\/uploads\/2025\/08\/nicole-768x768.jpeg 768w\" sizes=\"auto, (max-width: 800px) 100vw, 800px\" \/><\/figure>\n\n\n\n<div class=\"wp-block-group is-vertical is-content-justification-center is-nowrap is-layout-flex wp-container-core-group-is-layout-21d4e958 wp-block-group-is-layout-flex\">\n<p class=\"has-text-align-center has-small-font-size\"><strong>Nicole Galdino<\/strong><\/p>\n\n\n\n<p class=\"has-text-align-center has-small-font-size\">Fundadora, Diretora Comercial<\/p>\n<\/div>\n<\/div>\n\n\n\n<div class=\"wp-block-column is-layout-flow wp-block-column-is-layout-flow\">\n<figure class=\"wp-block-image size-full is-style-rounded is-style-rounded--2\"><img loading=\"lazy\" decoding=\"async\" width=\"800\" height=\"800\" src=\"https:\/\/ubuntuassessoria.com\/wp-content\/uploads\/2025\/08\/nathalia.jpeg\" alt=\"\" class=\"wp-image-87\" style=\"aspect-ratio:1;object-fit:cover\" srcset=\"https:\/\/ubuntuassessoria.com\/wp-content\/uploads\/2025\/08\/nathalia.jpeg 800w, https:\/\/ubuntuassessoria.com\/wp-content\/uploads\/2025\/08\/nathalia-300x300.jpeg 300w, https:\/\/ubuntuassessoria.com\/wp-content\/uploads\/2025\/08\/nathalia-150x150.jpeg 150w, https:\/\/ubuntuassessoria.com\/wp-content\/uploads\/2025\/08\/nathalia-768x768.jpeg 768w\" sizes=\"auto, (max-width: 800px) 100vw, 800px\" \/><\/figure>\n\n\n\n<div class=\"wp-block-group is-vertical is-content-justification-center is-nowrap is-layout-flex wp-container-core-group-is-layout-63bfd6c1 wp-block-group-is-layout-flex\">\n<p class=\"has-text-align-center has-small-font-size\"><strong>Nathalia Chaves<\/strong><\/p>\n\n\n\n<p class=\"has-text-align-center has-small-font-size\">Fundadora, Diretora Operacional<\/p>\n<\/div>\n<\/div>\n<\/div>\n<\/div>\n\n\n\n<div class=\"wp-block-group alignfull has-global-padding is-layout-constrained wp-container-core-group-is-layout-669513ed wp-block-group-is-layout-constrained\" style=\"margin-top:0;margin-bottom:0;padding-top:var(--wp--preset--spacing--50);padding-right:var(--wp--preset--spacing--50);padding-bottom:var(--wp--preset--spacing--50);padding-left:var(--wp--preset--spacing--50)\">\n<div class=\"wp-block-group is-vertical is-content-justification-center is-layout-flex wp-container-core-group-is-layout-ce155fab wp-block-group-is-layout-flex\">\n<h2 class=\"wp-block-heading has-text-align-center has-xx-large-font-size\">Conhe\u00e7a nossa equipe<\/h2>\n<\/div>\n\n\n\n<div style=\"height:var(--wp--preset--spacing--30)\" aria-hidden=\"true\" class=\"wp-block-spacer\"><\/div>\n\n\n\n<div class=\"wp-block-columns alignfull is-layout-flex wp-container-core-columns-is-layout-4935966c wp-block-columns-is-layout-flex\" style=\"padding-right:0;padding-left:0\">\n<div class=\"wp-block-column is-layout-flow wp-block-column-is-layout-flow\">\n<div class=\"wp-block-group is-vertical is-content-justification-center is-nowrap is-layout-flex wp-container-core-group-is-layout-63bfd6c1 wp-block-group-is-layout-flex\">\n<figure class=\"wp-block-image size-full is-resized\"><img loading=\"lazy\" decoding=\"async\" width=\"800\" height=\"800\" src=\"https:\/\/ubuntuassessoria.com\/wp-content\/uploads\/2025\/08\/Eli.jpeg\" alt=\"\" class=\"wp-image-88\" style=\"width:450px;height:auto\" srcset=\"https:\/\/ubuntuassessoria.com\/wp-content\/uploads\/2025\/08\/Eli.jpeg 800w, https:\/\/ubuntuassessoria.com\/wp-content\/uploads\/2025\/08\/Eli-300x300.jpeg 300w, https:\/\/ubuntuassessoria.com\/wp-content\/uploads\/2025\/08\/Eli-150x150.jpeg 150w, https:\/\/ubuntuassessoria.com\/wp-content\/uploads\/2025\/08\/Eli-768x768.jpeg 768w\" sizes=\"auto, (max-width: 800px) 100vw, 800px\" \/><\/figure>\n\n\n\n<p class=\"has-text-align-center has-small-font-size\"><strong>Eli Georges<\/strong><\/p>\n\n\n\n<p class=\"has-text-align-center has-small-font-size\">Executivo de Neg\u00f3cios Global<\/p>\n<\/div>\n<\/div>\n\n\n\n<div class=\"wp-block-column is-layout-flow wp-block-column-is-layout-flow\">\n<div class=\"wp-block-group is-vertical is-content-justification-center is-nowrap is-layout-flex wp-container-core-group-is-layout-63bfd6c1 wp-block-group-is-layout-flex\">\n<figure class=\"wp-block-image size-large is-resized\"><img loading=\"lazy\" decoding=\"async\" width=\"614\" height=\"1024\" src=\"https:\/\/ubuntuassessoria.com\/wp-content\/uploads\/2025\/08\/Imagem-do-WhatsApp-de-2025-08-12-as-11.10.39_74d16a87-614x1024.jpg\" alt=\"\" class=\"wp-image-99\" style=\"width:279px;height:auto\" srcset=\"https:\/\/ubuntuassessoria.com\/wp-content\/uploads\/2025\/08\/Imagem-do-WhatsApp-de-2025-08-12-as-11.10.39_74d16a87-614x1024.jpg 614w, https:\/\/ubuntuassessoria.com\/wp-content\/uploads\/2025\/08\/Imagem-do-WhatsApp-de-2025-08-12-as-11.10.39_74d16a87-180x300.jpg 180w, https:\/\/ubuntuassessoria.com\/wp-content\/uploads\/2025\/08\/Imagem-do-WhatsApp-de-2025-08-12-as-11.10.39_74d16a87-768x1280.jpg 768w, https:\/\/ubuntuassessoria.com\/wp-content\/uploads\/2025\/08\/Imagem-do-WhatsApp-de-2025-08-12-as-11.10.39_74d16a87-922x1536.jpg 922w, https:\/\/ubuntuassessoria.com\/wp-content\/uploads\/2025\/08\/Imagem-do-WhatsApp-de-2025-08-12-as-11.10.39_74d16a87.jpg 960w\" sizes=\"auto, (max-width: 614px) 100vw, 614px\" \/><\/figure>\n\n\n\n<p class=\"has-text-align-center has-small-font-size\"><strong>Natan Castilho<\/strong><\/p>\n\n\n\n<p class=\"has-text-align-center has-small-font-size\">Executivo de Neg\u00f3cios &#8211; Reino Unido<\/p>\n<\/div>\n<\/div>\n<\/div>\n\n\n\n<div class=\"wp-block-columns alignfull is-layout-flex wp-container-core-columns-is-layout-4935966c wp-block-columns-is-layout-flex\" style=\"padding-right:0;padding-left:0\">\n<div class=\"wp-block-column is-layout-flow wp-block-column-is-layout-flow\"><\/div>\n<\/div>\n<\/div>\n\n\n\n<div class=\"wp-block-group alignfull has-global-padding is-layout-constrained wp-container-core-group-is-layout-669513ed wp-block-group-is-layout-constrained\" style=\"margin-top:0;margin-bottom:0;padding-top:var(--wp--preset--spacing--50);padding-right:var(--wp--preset--spacing--50);padding-bottom:var(--wp--preset--spacing--50);padding-left:var(--wp--preset--spacing--50)\">\n<div class=\"wp-block-columns alignfull is-layout-flex wp-container-core-columns-is-layout-4935966c wp-block-columns-is-layout-flex\" style=\"padding-right:0;padding-left:0\">\n<div class=\"wp-block-column is-layout-flow wp-block-column-is-layout-flow\">\n<div class=\"wp-block-group is-vertical is-content-justification-center is-nowrap is-layout-flex wp-container-core-group-is-layout-63bfd6c1 wp-block-group-is-layout-flex\">\n<figure class=\"wp-block-image size-large is-resized\"><img loading=\"lazy\" decoding=\"async\" width=\"1024\" height=\"682\" src=\"https:\/\/ubuntuassessoria.com\/wp-content\/uploads\/2025\/08\/WhatsApp-Image-2025-08-07-at-14.04.31-1024x682.jpeg\" alt=\"\" class=\"wp-image-95\" style=\"width:691px;height:auto\" srcset=\"https:\/\/ubuntuassessoria.com\/wp-content\/uploads\/2025\/08\/WhatsApp-Image-2025-08-07-at-14.04.31-1024x682.jpeg 1024w, https:\/\/ubuntuassessoria.com\/wp-content\/uploads\/2025\/08\/WhatsApp-Image-2025-08-07-at-14.04.31-300x200.jpeg 300w, https:\/\/ubuntuassessoria.com\/wp-content\/uploads\/2025\/08\/WhatsApp-Image-2025-08-07-at-14.04.31-768x512.jpeg 768w, https:\/\/ubuntuassessoria.com\/wp-content\/uploads\/2025\/08\/WhatsApp-Image-2025-08-07-at-14.04.31.jpeg 1178w\" sizes=\"auto, (max-width: 1024px) 100vw, 1024px\" \/><\/figure>\n\n\n\n<p class=\"has-text-align-center has-small-font-size\"><strong>Roaring Lion Com<\/strong>pany<\/p>\n\n\n\n<p class=\"has-text-align-center has-small-font-size\">Parceiro de neg\u00f3cios &#8211; \u00cdndia<\/p>\n<\/div>\n<\/div>\n<\/div>\n\n\n\n<div class=\"wp-block-columns alignfull is-layout-flex wp-container-core-columns-is-layout-4935966c wp-block-columns-is-layout-flex\" style=\"padding-right:0;padding-left:0\">\n<div class=\"wp-block-column is-layout-flow wp-block-column-is-layout-flow\">\n<div class=\"wp-block-group is-vertical is-content-justification-center is-nowrap is-layout-flex wp-container-core-group-is-layout-63bfd6c1 wp-block-group-is-layout-flex\">\n<p class=\"has-text-align-center has-small-font-size\"><\/p>\n<\/div>\n<\/div>\n<\/div>\n<\/div>\n\n\n\n<p><\/p>\n","protected":false},"excerpt":{"rendered":"<p>Na Ubuntu, acreditamos que o sucesso individual s\u00f3 \u00e9 completo quando impulsiona o coletivo. Inspirados pela filosofia africana que d\u00e1 nome \u00e0 nossa empresa, valorizamos a interdepend\u00eancia, a colabora\u00e7\u00e3o e o crescimento conjunto como pilares para construir neg\u00f3cios com prop\u00f3sito e impacto global. Somos especialistas em internacionaliza\u00e7\u00e3o de empresas, conectando culturas, mercados e oportunidades. Mais [&hellip;]<\/p>\n","protected":false},"author":1,"featured_media":0,"parent":0,"menu_order":0,"comment_status":"closed","ping_status":"closed","template":"","meta":{"footnotes":""},"class_list":["post-29","page","type-page","status-publish","hentry"],"jetpack_sharing_enabled":true,"_links":{"self":[{"href":"https:\/\/ubuntuassessoria.com\/index.php?rest_route=\/wp\/v2\/pages\/29","targetHints":{"allow":["GET"]}}],"collection":[{"href":"https:\/\/ubuntuassessoria.com\/index.php?rest_route=\/wp\/v2\/pages"}],"about":[{"href":"https:\/\/ubuntuassessoria.com\/index.php?rest_route=\/wp\/v2\/types\/page"}],"author":[{"embeddable":true,"href":"https:\/\/ubuntuassessoria.com\/index.php?rest_route=\/wp\/v2\/users\/1"}],"replies":[{"embeddable":true,"href":"https:\/\/ubuntuassessoria.com\/index.php?rest_route=%2Fwp%2Fv2%2Fcomments&post=29"}],"version-history":[{"count":11,"href":"https:\/\/ubuntuassessoria.com\/index.php?rest_route=\/wp\/v2\/pages\/29\/revisions"}],"predecessor-version":[{"id":124,"href":"https:\/\/ubuntuassessoria.com\/index.php?rest_route=\/wp\/v2\/pages\/29\/revisions\/124"}],"wp:attachment":[{"href":"https:\/\/ubuntuassessoria.com\/index.php?rest_route=%2Fwp%2Fv2%2Fmedia&parent=29"}],"curies":[{"name":"wp","href":"https:\/\/api.w.org\/{rel}","templated":true}]}}